vided by 25915.
20
What is the remainder when 60311 is divided by 107?
70
Calculate the remainder when 326776 is divided by 16.
8
What is the remainder when 14893 is divided by 152?
149
What is the remainder when 4298 is divided by 4254?
44
Calculate the remainder when 5040 is divided by 266.
252
Calculate the remainder when 9125 is divided by 183.
158
Calculate the remainder when 556953 is divided by 21.
12
Calculate the remainder when 133109 is divided by 459.
458
What is the remainder when 369442 is divided by 14?
10
Calculate the remainder when 12419 is divided by 6157.
105
Calculate the remainder when 27317 is divided by 779.
52
Calculate the remainder when 45721 is divided by 897.
871
Calculate the remainder when 1351 is divided by 625.
101
Calculate the remainder when 19366 is divided by 29.
23
What is the remainder when 361 is divided by 82?
33
Calculate the remainder when 12499 is divided by 61.
55
What is the remainder when 696445 is divided by 122?
69
What is the remainder when 62356 is divided by 40?
36
Calculate the remainder when 56668 is divided by 872.
860
What is the remainder when 31897 is divided by 15909?
79
Calculate the remainder when 7113 is divided by 2356.
45
What is the remainder when 30230 is divided by 35?
25
Calculate the remainder when 8908 is divided by 2224.
12
What is the remainder when 58368 is divided by 7294?
16
What is the remainder when 6212 is divided by 34?
24
What is the remainder when 57993 is divided by 108?
105
What is the remainder when 211833 is divided by 254?
251
Calculate the remainder when 4827 is divided by 2339.
149
What is the remainder when 49566 is divided by 137?
109
What is the remainder when 1491 is divided by 365?
31
What is the remainder when 1113144 is divided by 37?
36
Calculate the remainder when 192088 is divided by 64027.
7
Calculate the remainder when 1429 is divided by 435.
124
What is the remainder when 135414 is divided by 22568?
6
What is the remainder when 6571 is divided by 36?
19
What is the remainder when 1491518 is divided by 320?
318
Calculate the remainder when 2922 is divided by 2877.
45
Calculate the remainder when 6134 is divided by 112.
86
What is the remainder when 215449 is divided by 10?
9
Calculate the remainder when 2086 is divided by 693.
7
Calculate the remainder when 740 is divided by 87.
44
What is the remainder when 15103 is divided by 48?
31
Calculate the remainder when 2407903 is divided by 365.
363
What is the remainder when 6944 is divided by 1668?
272
Calculate the remainder when 29865 is divided by 343.
24
Calculate the remainder when 161175 is divided by 266.
245
Calculate the remainder when 459184 is divided by 26.
24
Calculate the remainder when 2464 is divided by 1087.
290
What is the remainder when 4191666 is divided by 1165?
1161
What is the remainder when 101690 is divided by 9?
8
Calculate the remainder when 361173 is divided by 838.
833
What is the remainder when 2405 is divided by 317?
186
What is the remainder when 846 is divided by 308?
230
Calculate the remainder when 41732 is divided by 296.
292
Calculate the remainder when 91148 is divided by 3143.
1
Calculate the remainder when 19419 is divided by 326.
185
What is the remainder when 1061 is divided by 41?
36
Calculate the remainder when 14870 is divided by 305.
230
Calculate the remainder when 104372 is divided by 17393.
14
What is the remainder when 44951 is divided by 2247?
11
Calculate the remainder when 11335 is divided by 405.
400
What is the remainder when 97171 is divided by 43?
34
What is the remainder when 28776 is divided by 274?
6
Calculate the remainder when 4053 is divided by 169.
166
Calculate the remainder when 33427 is divided by 1336.
27
Calculate the remainder when 7451 is divided by 51.
5
Calculate the remainder when 273511 is divided by 136754.
3
What is the remainder when 1801 is divided by 303?
286
What is the remainder when 50107 is divided by 8345?
37
What is the remainder when 12036 is divided by 1975?
186
What is the remainder when 44160 is divided by 13?
12
What is the remainder when 91815 is divided by 15302?
3
Calculate the remainder when 17100 is divided by 9.
0
Calculate the remainder when 25381 is divided by 259.
258
What is the remainder when 4357989 is divided by 19?
16
Calculate the remainder when 167 is divided by 12.
11
What is the remainder when 9635 is divided by 3162?
149
Calculate the remainder when 127642 is divided by 21273.
4
What is the remainder when 223653 is divided by 41?
39
Calculate the remainder when 327 is divided by 158.
11
Calculate the remainder when 59960 is divided by 99.
65
Calculate the remainder when 1156 is divided by 421.
314
Calculate the remainder when 14193 is divided by 507.
504
What is the remainder when 5001 is divided by 7?
3
Calculate the remainder when 7718 is divided by 10.
8
What is the remainder when 139395 is divided by 7?
4
What is the remainder when 5372 is divided by 1781?
29
Calculate the remainder when 730 is divided by 699.
31
What is the remainder when 14716 is divided by 1132?
0
What is the remainder when 191911 is divided by 159?
157
Calculate the remainder when 27842 is divided by 9187.
281
Calculate the remainder when 135131 is divided by 80.
11
What is the remainder when 66988 is divided by 1288?
12
Calculate the remainder when 11644 is divided by 5708.
228
Calculate the remainder when 5926 is divided by 1181.
21
What is the remainder when 29398 is divided by 1241?
855
Calculate the remainder when 18602 is divided by 502.
28
What is the remainder when 2342305 is divided by 1208?
1201
What is the remainder when 2139 is divided by 710?
9
Calculate the remainder when 34763 is divided by 8666.
99
Calculate the remainder when 1505 is divided by 219.
191
What is the remainder when 40403 is divided by 26?
25
What is the remainder when 114170 is divided by 37?
25
What is the remainder when 11425 is divided by 2531?
1301
What is the remainder when 6916 is divided by 8?
4
Calculate the remainder when 2722 is divided by 544.
2
What is the remainder when 24945 is divided by 70?
25
What is the remainder when 460456 is divided by 644?
640
Calculate the remainder when 1514 is divided by 991.
523
What is the remainder when 800 is divided by 241?
77
What is the remainder when 85905 is divided by 317?
315
Calculate the remainder when 4884085 is divided by 39.
37
What is the remainder when 7594 is divided by 90?
34
What is the remainder when 320325 is divided by 4?
1
What is the remainder when 38609 is divided by 230?
199
What is the remainder when 1858481 is divided by 669?
668
What is the remainder when 3407 is divided by 70?
47
What is the remainder when 2386 is divided by 2183?
203
Calculate the remainder when 393308 is divided by 3305.
13
What is the remainder when 14857 is divided by 2468?
49
What is the remainder when 714 is divided by 230?
24
Calculate the remainder when 858 is divided by 282.
12
Calculate the remainder when 9602 is divided by 1915.
27
Calculate the remainder when 1757 is divided by 175.
7
What is the remainder when 17087 is divided by 129?
59
What is the remainder when 7356 is divided by 7345?
11
Calculate the remainder when 34386 is divided by 1909.
24
Calculate the remainder when 4988 is divided by 2418.
152
Calculate the remainder when 1576 is divided by 681.
214
What is the remainder when 37139 is divided by 14?
11
What is the remainder when 66738 is divided by 235?
233
Calculate the remainder when 36396 is divided by 311.
9
What is the remainder when 45166 is divided by 14995?
181
What is the remainder when 579 is divided by 240?
99
What is the remainder when 49586 is divided by 29?
25
Calculate the remainder when 395 is divided by 12.
11
What is the remainder when 526 is divided by 439?
87
What is the remainder when 11224 is divided by 318?
94
Calculate the remainder when 63414 is divided by 412.
378
What is the remainder when 89132 is divided by 1050?
932
Calculate the remainder when 99404 is divided by 31.
18
Calculate the remainder when 19097 is divided by 2205.
1457
Calculate the remainder when 32075 is divided by 54.
53
Calculate the remainder when 43334 is divided by 1307.
203
Calculate the remainder when 23305 is divided by 20.
5
Calculate the remainder when 710019 is div